nder when i(f) is divided by b(4)?
5
Let h = 681 + -641. Suppose -y - 3*a = -14, 35*a = 3*y + h*a - 34. Suppose j - 3*q - 11 = 21, j + q = 40. Calculate the remainder when j is divided by y.
6
Let m = 17 + -11. Suppose w + 3 = m. Suppose 10*f - 35 = -2*f + 5*f. Calculate the remainder when f is divided by w.
2
Suppose 117 = 3*l - 171. Suppose 3*i + 5*t - 31 - l = 0, -80 = -2*i - t. Calculate the remainder when i is divided by 5*(15/(-1) + (-8148)/(-420)).
17
Suppose 245 = 5*p - 12*p. Let s be 2506/p*(-10)/4. Suppose 0 = -3*g + 2*j + s, -4*g + 5*j + 305 = g. What is the remainder when g is divided by 15?
12
Let r(m) = -118*m**3 + 2*m**2 + 2*m. Let y be r(-1). Suppose -4*w + 14 + y = 0. What is the remainder when 131 is divided by w?
32
Suppose 2*t - 5*t = -2*g + 30, -t = -2*g + 38. Suppose 0 = -6*k + 823 - 787. Calculate the remainder when g is divided by k.
3
Let w be 12/18 + 30/9. Suppose -188 = 5*x + w*s, -5*x + 5*s - 203 = 4*s. Let h = -23 - x. What is the remainder when 28 is divided by h?
11
Suppose -24 = -2*p - 2*x, 9*x = -5*p + 10*x + 42. Suppose -p*c + 15*c - 168 = 0. Calculate the remainder when c is divided by 18.
10
Let i = 109260 - 109050. Let z(j) = -j + 2. Let n be z(0). Suppose 3*q - 15 = 0, -n*o - 3*q = -6*q - 91. Calculate the remainder when i is divided by o.
51
Suppose 0 = -2*q - 5*q + 161. Suppose -z + 24 = 119. Let h = 161 + z. Calculate the remainder when h is divided by q.
20
Suppose v - 3*s + 351 = -8*s, -5*s - 1419 = 4*v. Let h = 372 + v. Calculate the remainder when 60 is divided by h.
12
Suppose 1794 = -89*q + 112*q. Calculate the remainder when 253 is divided by q.
19
Suppose 0 = -10*w + 14*w - 129776. Suppose 38*f = -2234 + w. Calculate the remainder when f is divided by 57.
54
Suppose 0 = -2*v + o + 153, -4*v + 0*v + 301 = 3*o. Let a be (-6 + 9)*(-4 + 0). Let q = v + a. Calculate the remainder when q is divided by 17.
13
Suppose -48 = -9*l + 3*l. Suppose 5*o = o + l. Let t(b) = 5*b**3 - 2*b**2 + 2*b - 3. Calculate the remainder when 129 is divided by t(o).
30
Let d = 303 - 307. What is the remainder when 167 is divided by 27 + d + (-1)/(-1)?
23
Suppose -11*r + 2337 = -r - 3883. Calculate the remainder when r is divided by 616.
6
Let a(d) = -d**3 + 9*d**2 + 9*d + 12. Let h be a(10). Suppose 8*q - 7*q - 17 = h*t, 2*q - 5*t - 29 = 0. What is the remainder when 149 is divided by q?
14
Suppose 18 + 12 = 5*t. Let b be (-14)/217 - 1761/93. What is the remainder when 84 is divided by b/(-2) - t/(-4)?
7
Let a(s) = -s**3 - 30*s**2 - 31*s - 42. Let i be a(-29). Calculate the remainder when 7/((-56)/(-12))*(i + 2) is divided by 19.
8
Let m = 17074 + -17062. Calculate the remainder when 31114 is divided by m.
10
Suppose -80 = -7*s + 3*s. Let q = -2678 - -2737. What is the remainder when q is divided by s?
19
Suppose 0 = -b - 2, -3 = 8*x - 3*x + 4*b. Suppose -7*y = -x - 202. Calculate the remainder when 141 is divided by y.
25
Calculate the remainder when (826 - -13) + 8 - 25 is divided by 275.
272
Suppose 23236 = 82*x - 2840. Calculate the remainder when x is divided by 84.
66
Let m(f) = -f**3 - 2*f**2 + 2*f + 20. Let p be m(0). Suppose 5*a - 9*a = p. Let c(h) = -4*h + 5. Calculate the remainder when c(a) is divided by 15.
10
Suppose 4*c - m - 31 = -4*m, c + 2*m = 9. Let j(r) = -2*r**2 - 56*r + 4. What is the remainder when c is divided by j(-28)?
3
Suppose 9 = 3*p - 0*p. Suppose 3762 = 144*y - 61*y - 50*y. Calculate the remainder when y is divided by (-115)/(-4) - p/(-12).
27
Suppose -6*p - 24243 = -94*p + 121309. What is the remainder when p is divided by 274?
10
Suppose 5*n - 10 = 0, 4*d - 25 = -3*n + 29. Suppose 1181 = d*q - 475. Calculate the remainder when q is divided by 35.
33
Let b = -5377 - -5400. Calculate the remainder when 809 is divided by b.
4
Suppose 4*r - 74 = 2*r. Suppose -5*t + 57 = 4*m, 41 - 8 = m + 5*t. Calculate the remainder when r is divided by m.
5
Let p be 10/2 - (6 + -5). Suppose -3*r = 4*i - 161 + p, -4*i = -5*r - 165. Calculate the remainder when 143 is divided by i.
23
Let l(r) = -3*r - 26 + 7 + 0*r - 4. Let h be l(-9). Suppose h*j - 3*o = -2*o + 41, -j + 20 = 3*o. What is the remainder when 41 is divided by j?
8
Let f(u) = 5*u + 13. Suppose -c + 3*v = 4*c - 10, c - 5*v - 2 = 0. Suppose -c*o + 7 = -9. Calculate the remainder when f(o) is divided by 9.
8
Let r(o) = 75*o + 3492. Calculate the remainder when r(-41) is divided by 211.
206
Let r = 99 - 98. Let u be (-5)/r*((-168)/(-15))/2. What is the remainder when 200 is divided by 1 + 4 - 5 - (u - 1)?
26
Let r = 10604 - 10520. Calculate the remainder when r is divided by 1 + -3 - (5 + -24).
16
Suppose -52*s + 17648 = 17*s - 11194. What is the remainder when s is divided by 86?
74
Let i = -7152 + 13199. What is the remainder when i is divided by 22?
19
Suppose -799 + 831 = 8*a. Suppose 0 = -5*t - 3*z + 397 + 663, -5*t + 1060 = a*z. Calculate the remainder when t is divided by 45.
32
Suppose 188*m - 165 = 173*m. Calculate the remainder when 215 is divided by m.
6
Let q be 36/14 - 16/28. Suppose 3*l + 5*h + 12 = -12, 16 = -2*l + q*h. Let u(s) = -s**3 - 8*s**2 - 10*s - 3. Calculate the remainder when u(l) is divided by 27.
23
Calculate the remainder when (-216)/(-90)*(-2950)/(-20) is divided by 203.
151
Let v(r) = 12*r**2 - 16*r - 7. Let i be v(-4). Suppose 4*c - 669 = 5*q + 222, -i = -c - 4*q. Calculate the remainder when c is divided by 23.
22
Suppose -13 = b + 5*k, 6 = 140*b - 142*b - 5*k. Calculate the remainder when 604 is divided by b.
2
Let k(q) = -7*q + 125. Let r(p) = -2*p - 1. Let n(y) = k(y) - 6*r(y). Calculate the remainder when 41 is divided by n(-22).
20
Let g = -92 + 322. What is the remainder when g is divided by 364/6 + (-256)/96?
56
Suppose 5*f - 5*i = 66 + 224, -i = -3*f + 176. Let q = f + -11. Let w = 225 - 212. What is the remainder when q is divided by w?
9
Suppose 18*m + 11257 + 263 = 0. Let r = -234 - m. Calculate the remainder when r is divided by 6.
4
Suppose -1272 = -6*f + 2*f. Suppose 1193 - 1188 = y. Suppose -163 = -y*g + 3*z + f, 0 = 3*g + z - 283. Calculate the remainder when g is divided by 12.
11
Suppose v + 1567 = 4*x, -614*v = -x - 612*v + 390. What is the remainder when x is divided by 45?
32
Let t be (-2 + 51)*(1 - 0). Suppose 4*b - t = 11. Calculate the remainder when b is divided by 3/(30/50)*4/(-3 - -5).
5
Suppose 5*v - 7723 = 4*f + 6095, 0 = 4*v + 4*f - 11040. What is the remainder when v is divided by 75?
62
Suppose -2*m - 3*o = 0, 30 = -7*m + 10*m - 3*o. Suppose -m*f + 63 = -93. Calculate the remainder when 256 is divided by f.
22
Let o = -317 - -60. Let c = -95 - o. Suppose -10*p + c + 78 = 0. Calculate the remainder when p is divided by 13.
11
Let p(g) = 10 + 4*g - 17*g + g**2 - 2*g**2 + 0*g**2. What is the remainder when 121 is divided by p(-11)?
25
Suppose 3*j - 11 = 4*y - 51, 5*j - 1 = -3*y. What is the remainder when 1004 is divided by y?
3
Let t = -223 - -235. Let u(v) = -v**3 - 6*v**2 + 11*v + 31. Calculate the remainder when t is divided by u(-7).
0
Let a = 7 - 4. Suppose -4*p - a*w = -39, 3*w = -2*p - 0*w + 27. Calculate the remainder when 17 is divided by ((-3)/2)/((-3)/p).
2
Suppose -39421*f + 2140 = -39401*f. Let c = 9 - 7. Suppose -3*o - 120 = -4*u, 5*u + 0*o - c*o - 143 = 0. What is the remainder when f is divided by u?
26
Suppose 0 = 6*t - 112 - 296. Let s = -68 + t. Suppose -3*o + 54 + 48 = s. Calculate the remainder when o is divided by 19.
15
Suppose 117*l - 409581 = 57366. Calculate the remainder when l is divided by 80.
71
Suppose 6046*l - 6051*l + 4*t + 3901 = 0, -3943 = -5*l - 3*t. Calculate the remainder when l is divided by 97.
9
Suppose -127*k + 29363 + 131633 = -94909. What is the remainder when 4038 is divided by k?
8
What is the remainder when (12/(-60)*14)/(2/(-770)) is divided by 64?
54
Let i(l) = 18*l**3 + l**2 + 92*l - 186. What is the remainder when 399 is divided by i(2)?
107
Let p(k) = -2*k + 32. Let c be p(25). Calculate the remainder when 58 is divided by (-290)/c + -4 + 5/(-45).
10
Let w(l) = -101*l + 4079. What is the remainder when w(0) is divided by 10?
9
Let b(q) be the second derivative of 19*q**3/2 - 14*q**2 + q + 10. Let y be 15/(-2)*(-2)/3. What is the remainder when b(y) is divided by 52?
49
Suppose -76*o - 181 = -485. Calculate the remainder when o is divide